{"id":10720,"date":"2016-03-07T03:11:04","date_gmt":"2016-03-07T03:11:04","guid":{"rendered":"https:\/\/www.gavias-theme.com\/wp\/indutri\/?page_id=612"},"modified":"2025-01-08T17:52:02","modified_gmt":"2025-01-08T14:52:02","slug":"hakkimda","status":"publish","type":"page","link":"https:\/\/drcihankaya.com\/index.php\/hakkimda\/","title":{"rendered":"Hakk\u0131mda"},"content":{"rendered":"\t\t<div data-elementor-type=\"wp-post\" data-elementor-id=\"10720\" class=\"elementor elementor-10720\">\n\t\t\t\t<div class=\"elementor-element elementor-element-bca525d e-flex e-con-boxed e-con e-parent\" data-id=\"bca525d\" data-element_type=\"container\">\n\t\t\t\t\t<div class=\"e-con-inner\">\n\t\t<div class=\"elementor-element elementor-element-cc36fa2 e-con-full e-flex e-con e-child\" data-id=\"cc36fa2\" data-element_type=\"container\">\n\t\t\t\t<div class=\"elementor-element elementor-element-e2fe401 elementor-widget elementor-widget-text-editor\" data-id=\"e2fe401\" data-element_type=\"widget\" data-widget_type=\"text-editor.default\">\n\t\t\t\t<div class=\"elementor-widget-container\">\n\t\t\t<style>\/*! elementor - v3.23.0 - 15-07-2024 *\/\n.elementor-widget-text-editor.elementor-drop-cap-view-stacked .elementor-drop-cap{background-color:#69727d;color:#fff}.elementor-widget-text-editor.elementor-drop-cap-view-framed .elementor-drop-cap{color:#69727d;border:3px solid;background-color:transparent}.elementor-widget-text-editor:not(.elementor-drop-cap-view-default) .elementor-drop-cap{margin-top:8px}.elementor-widget-text-editor:not(.elementor-drop-cap-view-default) .elementor-drop-cap-letter{width:1em;height:1em}.elementor-widget-text-editor .elementor-drop-cap{float:left;text-align:center;line-height:1;font-size:50px}.elementor-widget-text-editor .elementor-drop-cap-letter{display:inline-block}<\/style>\t\t\t\t<p style=\"text-align: justify;\">1984 y\u0131l\u0131nda Mersin-Tarsus\u2019ta do\u011fdum. 2008 y\u0131l\u0131nda \u00c7ukurova \u00dcniversitesi T\u0131p Fak\u00fcltesi\u2019nden mezun oldum. 2009-2013 y\u0131llar\u0131 aras\u0131nda Bak\u0131rk\u00f6y Dr Sadi Konuk E\u011fitim ve Ara\u015ft\u0131rma Hastanesi Kad\u0131n Hastal\u0131klar\u0131 ve Do\u011fum Klini\u011finde Kad\u0131n Hastal\u0131klar\u0131 ve Do\u011fum ihtisas e\u011fitimimi tamamlad\u0131m. Uzmanl\u0131k e\u011fitimi sonras\u0131 2014-2015 y\u0131llar\u0131 aras\u0131nda Van \u00d6zalp Devlet Hastanesinde Kad\u0131n Hastal\u0131klar\u0131 ve Do\u011fum Uzman\u0131 olarak mecburi hizmetimi tamamlad\u0131m. 2015 y\u0131l\u0131nda Haseki E\u011fitim ve Ara\u015ft\u0131rma hastanesinde 3 ay g\u00f6rev yapt\u0131m. 2015 y\u0131l\u0131nda girmi\u015f oldu\u011fum Ba\u015fasistanl\u0131k s\u0131nav\u0131n\u0131 kazand\u0131ktan sonra ihtisas yapt\u0131\u011f\u0131m hastanem olan Bak\u0131rk\u00f6y Dr Sadi Konuk E\u011fitim ve Ara\u015ft\u0131rma Hastanesi Kad\u0131n Hastal\u0131klar\u0131 ve Do\u011fum Klini\u011fi\u2019nde Ba\u015fasistan olarak \u00e7al\u0131\u015fmaya ba\u015flad\u0131m. 2015 y\u0131l\u0131nda IRCAD-Strasburg\u2019da \u0130leri D\u00fczey Laparoskopik Cerrahi Sertifikas\u0131\u2019n\u0131 ald\u0131m ve Endometriozis poliklini\u011finde g\u00f6rev ald\u0131m. 2016 y\u0131l\u0131nda European Board &amp; College of Obstetrics and Gynaecology (Avrupa Do\u011fum ve Kad\u0131n Hastal\u0131klar\u0131 cemiyeti) sertifikas\u0131n\u0131 ald\u0131m. 2015-2017 y\u0131llar\u0131 aras\u0131nda \u0130stanbul Yeni Y\u00fczy\u0131l \u00dcniversitesi\u2019nde Klinik Embriyoloji Tezli Y\u00fcksek Lisans B\u00f6l\u00fcm\u00fcnden mezun oldum.\u00a0 2016 y\u0131l\u0131nda Bel\u00e7ika\u2019da Nat\u00fcrel Orifis (Kar\u0131n duvar\u0131na kesi yapmadan v\u00fccut a\u00e7\u0131kl\u0131klar\u0131 kullan\u0131larak yap\u0131lan cerrahiler) Cerrahi e\u011fitimini ald\u0131m ve \u00fclkemizdeki ilk uygulay\u0131c\u0131s\u0131 oldum. 2018 y\u0131l\u0131nda G\u00fclhane E\u011fitim ve Ara\u015ft\u0131rma Hastanesi \u00dcremeye Yard\u0131mc\u0131 Tedaviler Biriminde g\u00f6rev yaparak T\u00fcp Bebek E\u011fitimimi tamamlad\u0131m. \u00a0Ayn\u0131 y\u0131l yapm\u0131\u015f oldu\u011fum bilimsel \u00e7al\u0131\u015fmalar\u0131n de\u011ferlendirilmesi sonucu Kad\u0131n Hastal\u0131klar\u0131 ve Do\u011fum alan\u0131nda Do\u00e7ent \u00dcnvan\u0131n\u0131 ald\u0131m. 2021 y\u0131l\u0131nda Bak\u0131rk\u00f6y Dr Sadi Konuk E\u011fitim ve Ara\u015ft\u0131rma Hastanesi Kad\u0131n Hastal\u0131klar\u0131 ve Do\u011fum Klini\u011fi\u2019nde E\u011fitim G\u00f6revlisi olarak \u00e7al\u0131\u015fmaya ba\u015flad\u0131m. Temmuz 2021 ve 2024 y\u0131llar\u0131 aras\u0131nda Ac\u0131badem Sa\u011fl\u0131k Grubu b\u00fcnyesinde bulunan Ac\u0131badem Bak\u0131rk\u00f6y Hastanesi\u2019nde g\u00f6rev yapt\u0131m. 2024 y\u0131l\u0131nda \u0130stanbul Ayd\u0131n \u00dcniversitesi T\u0131p Fak\u00fcltesi Kad\u0131n Hastal\u0131klar\u0131 ve Do\u011fum Anabilim dal\u0131 Profes\u00f6r kadrosuna atand\u0131m ve t\u0131p fak\u00fcltesi \u00f6\u011frencilerine uzmanl\u0131k alan\u0131m ile ilgili dersler\u00a0vermekteyim. Kronik hastal\u0131klar\u0131 olan ya da hastalar\u0131m\u0131z\u0131n ameliyat sonras\u0131 iyile\u015fme s\u00fcrecine daha iyi yard\u0131mc\u0131 olabilmek amac\u0131yla Harvard \u00dcniversitesi Beslenme ve \u0130yilik Hali \u2018 e\u011fitimini tamamlad\u0131m. 2024 y\u0131l\u0131nda kad\u0131n sa\u011fl\u0131\u011f\u0131 ile ilgili her soruna \u00e7\u00f6z\u00fcm bulmak amac\u0131 ile kurulmu\u015f klini\u011fimde hastalar\u0131ma hizmet vermekteyim. Bunun d\u0131\u015f\u0131nda Foto\u011fraf\u00e7\u0131l\u0131k ve Kameramanl\u0131k, Web Tasar\u0131m\u0131 ve Kodlama ve Adalet \u00d6n Lisans Programlar\u0131n\u0131 tamamlad\u0131m. Yurt i\u00e7i ve yurt d\u0131\u015f\u0131 hakemli bilimsel dergilerde yay\u0131mlanm\u0131\u015f 200\u2019\u00fcn \u00fczerinde bilimsel \u00e7al\u0131\u015fmam, bu dergilerde hakemlik g\u00f6revlerim, jinekolojik cerrahiler konusunda kitap edit\u00f6rl\u00fc\u011f\u00fcm ve kitap b\u00f6l\u00fcm yazarl\u0131klar\u0131m bulunmaktad\u0131r.<\/p>\t\t\t\t\t\t<\/div>\n\t\t\t\t<\/div>\n\t\t\t\t<\/div>\n\t\t<div class=\"elementor-element elementor-element-04cb6ee e-con-full e-flex e-con e-child\" data-id=\"04cb6ee\" data-element_type=\"container\">\n\t\t\t\t<div class=\"elementor-element elementor-element-e3c6223 elementor-widget elementor-widget-image\" data-id=\"e3c6223\" data-element_type=\"widget\" data-widget_type=\"image.default\">\n\t\t\t\t<div class=\"elementor-widget-container\">\n\t\t\t<style>\/*! elementor - v3.23.0 - 15-07-2024 *\/\n.elementor-widget-image{text-align:center}.elementor-widget-image a{display:inline-block}.elementor-widget-image a img[src$=\".svg\"]{width:48px}.elementor-widget-image img{vertical-align:middle;display:inline-block}<\/style>\t\t\t\t\t\t\t\t\t\t<img fetchpriority=\"high\" decoding=\"async\" width=\"682\" height=\"1024\" src=\"https:\/\/drcihankaya.com\/wp-content\/uploads\/2025\/01\/dr-cihan-kaya-682x1024.jpg\" class=\"attachment-large size-large wp-image-13193\" alt=\"\" srcset=\"https:\/\/drcihankaya.com\/wp-content\/uploads\/2025\/01\/dr-cihan-kaya-682x1024.jpg 682w, https:\/\/drcihankaya.com\/wp-content\/uploads\/2025\/01\/dr-cihan-kaya-768x1153.jpg 768w, https:\/\/drcihankaya.com\/wp-content\/uploads\/2025\/01\/dr-cihan-kaya.jpg 1066w\" sizes=\"(max-width: 682px) 100vw, 682px\" \/>\t\t\t\t\t\t\t\t\t\t\t\t\t<\/div>\n\t\t\t\t<\/div>\n\t\t\t\t<\/div>\n\t\t\t\t\t<\/div>\n\t\t\t\t<\/div>\n\t\t\t\t<\/div>\n\t\t","protected":false},"excerpt":{"rendered":"<p>1984 y\u0131l\u0131nda Mersin-Tarsus\u2019ta do\u011fdum. 2008 y\u0131l\u0131nda \u00c7ukurova \u00dcniversitesi T\u0131p Fak\u00fcltesi\u2019nden mezun oldum. 2009-2013 y\u0131llar\u0131 aras\u0131nda Bak\u0131rk\u00f6y Dr Sadi Konuk E\u011fitim ve Ara\u015ft\u0131rma Hastanesi Kad\u0131n Hastal\u0131klar\u0131 ve Do\u011fum Klini\u011finde Kad\u0131n Hastal\u0131klar\u0131 [&hellip;]<\/p>\n","protected":false},"author":1,"featured_media":0,"parent":0,"menu_order":0,"comment_status":"closed","ping_status":"closed","template":"","meta":{"footnotes":""},"class_list":["post-10720","page","type-page","status-publish","hentry"],"_links":{"self":[{"href":"https:\/\/drcihankaya.com\/index.php\/wp-json\/wp\/v2\/pages\/10720","targetHints":{"allow":["GET"]}}],"collection":[{"href":"https:\/\/drcihankaya.com\/index.php\/wp-json\/wp\/v2\/pages"}],"about":[{"href":"https:\/\/drcihankaya.com\/index.php\/wp-json\/wp\/v2\/types\/page"}],"author":[{"embeddable":true,"href":"https:\/\/drcihankaya.com\/index.php\/wp-json\/wp\/v2\/users\/1"}],"replies":[{"embeddable":true,"href":"https:\/\/drcihankaya.com\/index.php\/wp-json\/wp\/v2\/comments?post=10720"}],"version-history":[{"count":19,"href":"https:\/\/drcihankaya.com\/index.php\/wp-json\/wp\/v2\/pages\/10720\/revisions"}],"predecessor-version":[{"id":13199,"href":"https:\/\/drcihankaya.com\/index.php\/wp-json\/wp\/v2\/pages\/10720\/revisions\/13199"}],"wp:attachment":[{"href":"https:\/\/drcihankaya.com\/index.php\/wp-json\/wp\/v2\/media?parent=10720"}],"curies":[{"name":"wp","href":"https:\/\/api.w.org\/{rel}","templated":true}]}}